w - 80 = -x*w. What is the highest common divisor of w and 16?
16
Suppose -5*a = 62 - 1052. Suppose -5*z - 100 = -5*h, -16 + 2 = -h + 4*z. What is the highest common factor of h and a?
22
Let u be 54/5 - (-4)/20. Calculate the highest common divisor of u and 55.
11
Let u be (190/(-15))/(1/(-57)). Suppose 0 = 5*r - u + 222. Calculate the greatest common factor of 10 and r.
10
Let p(v) = -v**3 - 2*v**2 + 2*v + 4. Suppose 0 = 7*x - 4*x + 9. Let t be p(x). What is the greatest common factor of t and 21?
7
Suppose -2*y + 108 = -3*r, 30 + 146 = 3*y - r. What is the greatest common factor of 10 and y?
10
Let w(t) = 2*t**3 - 3*t**2 - 8*t + 5. Let p be w(3). What is the highest common divisor of 24 and p?
8
Suppose -9*m = -4*m - 200. Calculate the greatest common divisor of 5 and m.
5
Let w(r) = 3*r + 13*r - 9*r + 13*r. Let q be w(1). What is the highest common divisor of 4 and q?
4
Suppose -2*j = -2 + 4. Suppose 5*k + 27 = -2*c, -k + c - 7 = 3*c. Let g = j - k. Calculate the greatest common divisor of g and 1.
1
Suppose 0 = -4*h - 3*z + 4643, -3*h + 4*z + 0*z + 3476 = 0. Let w be (1/4)/(10/h). Calculate the greatest common divisor of 261 and w.
29
Let s = 100 + -90. What is the highest common divisor of 25 and s?
5
Suppose 0 = -0*o + 3*o - 117. Let k be ((-3)/(-3))/(3/o). Calculate the greatest common divisor of 104 and k.
13
Let u be 69/(-15) + (-4)/10. Let s be u*(-2)/5 - 0. What is the highest common factor of s and 3?
1
Suppose 0 = m - 4*r - 3, -3*m + 2*r - 31 = -0*m. Let c = -6 - m. Let d = c - 3. Calculate the highest common factor of d and 28.
4
Suppose -2*z + 12 = 5*v - 8, -4*z + 16 = -2*v. Let r = -3 + 8. Suppose r*n - v*n = 195. What is the highest common factor of n and 13?
13
Let i = 4 - -29. Let x = -2 - -5. Calculate the highest common divisor of i and x.
3
Suppose -24 + 12 = -3*r. Let l(x) = -12*x**3 - x**2 - x. Let i be l(-1). Calculate the highest common divisor of r and i.
4
Suppose c = -c. Suppose c = 3*z + 174 - 474. What is the highest common factor of 20 and z?
20
Let q(d) = 9*d - d - 9*d + 2 - 3. Let h be q(-3). What is the highest common factor of h and 2?
2
Let l(k) = -k**3 - 14*k**2 - 3*k + 15. Let f be l(-11). Let a be (-2)/(2 + f/156). Calculate the greatest common factor of 13 and a.
13
Suppose -2*y = -5*y + 60. Let k(r) = -2*r**3 - 2*r**2 + 3*r + 2. Let j be k(-2). Calculate the greatest common factor of j and y.
4
Suppose -5*t - 635 = -5*o, -7*t = o - 2*t - 121. Calculate the greatest common factor of o and 14.
14
Let x(d) = 11*d**2 + d + 4. Let b be x(4). What is the highest common divisor of 23 and b?
23
Suppose -i - 3 = -30. Let j(p) = 5*p**3 - 2*p**2 + 1. Let h be j(1). Let t = -1 + h. Calculate the greatest common factor of i and t.
3
Suppose -m = -13 - 15. Let h be (-1)/(3 - 1)*-6. Suppose 4*g - c - 40 = c, -m = -5*g - h*c. Calculate the highest common factor of g and 12.
4
Let o = 4 - -10. What is the highest common divisor of o and 7?
7
Suppose -4*t = -17 + 1. Suppose t*k - 4*i - 144 = 0, -4*i + 172 = 5*k + 10. Calculate the greatest common factor of 17 and k.
17
Suppose 2*b + 3 = 9, u - 4*b = 21. What is the highest common factor of u and 66?
33
Let w(q) = 37*q + 15. Let r be w(5). What is the highest common divisor of 40 and r?
40
Let i(o) = o**2 + 2*o - 1. Let q be i(-3). Suppose q*m + 5 = 7*m. What is the greatest common factor of 1 and m?
1
Suppose -5*g + g + 8 = 4*w, 4*g - w = 8. What is the highest common divisor of g and 8?
2
Let a(i) = -i**2 - 8*i + 11. Let h be a(-9). Let w = -12 - -22. Let r = w - h. What is the greatest common factor of r and 8?
8
Suppose 4*s - 1297 = 915. Suppose -f = -0*h + 5*h - 551, 0 = -5*h - 3*f + s. Calculate the greatest common factor of 10 and h.
10
Let s = 21 - -19. Let a(j) = -11*j**3 + j. Let r be a(-1). What is the greatest common divisor of s and r?
10
Let p(x) = -x**2 - 4*x - 1. Let k be p(-2). What is the greatest common divisor of 9 and k?
3
Let d(a) = 2*a + 1. Let f be d(1). Let z = 2 + f. Suppose 0 = -z*m - 4*v + 80, v + 22 + 33 = 5*m. What is the highest common factor of m and 18?
6
Suppose 2*l - 2*w = 0, 5*w - 18 = -4*l - 0*w. Suppose 7*k = l*k + 300. Let g = 18 + -3. Calculate the greatest common factor of g and k.
15
Suppose -7*d + 49 = -0*d. What is the greatest common divisor of 217 and d?
7
Suppose 0*x = -2*x + 16. Let h(z) = 2*z - 3 + z + 2. Let g be h(3). Calculate the highest common factor of g and x.
8
Suppose y - 9 = -2*y. Suppose -a - y*a + 28 = 0. Calculate the greatest common factor of 35 and a.
7
Suppose -122 - 46 = -3*i. Let u = i + -37. Let g = u + -6. What is the greatest common factor of g and 65?
13
Suppose b - 4 + 1 = 0. Let k be (-12)/(-1 - (2 + -2)). What is the highest common factor of b and k?
3
Suppose -3*k + 4 + 8 = 0. Suppose -k*q = q - 260. Let f = q - 34. Calculate the greatest common factor of f and 12.
6
Let i(q) = -q**3 + 7*q**2 + 3*q - 3. Let y be i(7). Let w(l) = 13*l**2 - l. Let x be w(1). What is the greatest common factor of x and y?
6
Let a = 40 + -15. Let b = 123 + 2. Calculate the highest common factor of a and b.
25
Suppose 16 = -6*g + 4*g. Let f be g*((-44)/16)/1. Calculate the greatest common factor of 198 and f.
22
Let s = 168 - 12. Let u = s - 41. What is the greatest common factor of u and 23?
23
Suppose 3*o + 2*i = -2*o + 70, 4*i = -2*o + 12. Calculate the highest common factor of o and 4.
4
Let p(h) = 6*h - 5. Let b be p(9). Calculate the highest common divisor of 7 and b.
7
Let s(y) = 12*y + 3. Let l be s(1). What is the greatest common divisor of 9 and l?
3
Let x = 6 - -30. Let h be ((-8)/12)/(2/42). Let w = h - -26. What is the greatest common factor of x and w?
12
Let l = 20 - -124. Let f be (27/(-6))/(-3)*12. What is the greatest common divisor of l and f?
18
Let a be (0 + 3 - -1) + 14. Let z = a + -11. Let j be (-4)/(-10) - 33/(-5). Calculate the greatest common factor of z and j.
7
Suppose 0 = -19*j + 17*j + 100. Calculate the highest common divisor of j and 5.
5
Suppose 10 = -3*l + 5*l. Let s = -1 + l. What is the greatest common divisor of 16 and s?
4
Suppose -4*y - 14*y + 36 = 0. Calculate the greatest common divisor of 9 and y.
1
Suppose -h = 14 - 47. Calculate the highest common divisor of h and 3.
3
Let w = 18 - 13. What is the greatest common factor of w and 45?
5
Let u(b) = 4*b**2 + 6*b + 10. Let z be u(-2). What is the greatest common divisor of z and 112?
14
Suppose 3*n = d - 57, -355 = -5*d + n - 0*n. Let m be (-2)/3 - (260/15)/(-2). What is the highest common factor of m and d?
8
Let k = 7 - 3. Let c(j) = j**3 - 9*j**2 + 11*j + 8. Let v be c(8). What is the greatest common factor of v and k?
4
Let f = 6 - -16. Calculate the greatest common factor of 11 and f.
11
Suppose 5 = 5*i + 3*x + 10, 5*x - 9 = -4*i. Let a(l) = 5*l**2 + 2*l - 3. Let w be a(i). Calculate the highest common divisor of w and 23.
23
Suppose -258 = -5*b - 48. What is the greatest common factor of b and 56?
14
Let w be (-3)/(-6) + 1/(-2). Suppose 2*f + f - 30 = w. Calculate the greatest common divisor of f and 110.
10
Let j(f) = 2*f + 12. Let k(p) = -3*p - 25. Let c(w) = -5*j(w) - 3*k(w). Let d be c(-14). Calculate the highest common divisor of 232 and d.
29
Suppose -3 = 4*c - 31. Let l = 5 + 30. What is the greatest common factor of l and c?
7
Suppose 4*t + 3*f - 325 = -0*f, -5*t - 3*f = -407. Let z = t + -58. Let u = z + -15. What is the highest common divisor of u and 18?
9
Suppose -3*g + 2*b = -202, -4*g + b = 6*b - 231. What is the greatest common factor of g and 16?
16
Let k = -4 + -6. Let o = k + 24. Calculate the highest common divisor of o and 28.
14
Let k be -184 - (-1)/(4/(-4)). Let f = k + 281. What is the highest common divisor of 16 and f?
16
Let x = -479 - -689. Let l = 51 + -162. Let r = x + l. Calculate the highest common factor of 9 and r.
9
Suppose 5*f = -4*v + 62, -2*f - 3 = -3*v - 37. What is the greatest common factor of 70 and f?
14
Let a be (-23)/(1*2*(-3)/54). Calculate the greatest common divisor of 23 and a.
23
Suppose 2*c = -2*d + 80, -25 = c + 3*d - 67. Let g(m) = -m**3 + 7*m**2 - 5*m - 2. Let u be g(4). What is the greatest common factor of u and c?
13
Suppose -9 = -a + 3. Suppose 3*x - 5*z - 17 = 2*x, 0 = -5*x - z + 7. Calculate the highest common factor of x and a.
2
Let f be 12*-2*2/(-12). Suppo